e (-348)/2 + 3 + 0. Let x = 330 + z. Is x prime?
False
Let c = 21940 - -11799. Is c a composite number?
False
Let p be 8/6 - (-35)/21. Suppose 4*v - 2593 = -v - p*f, 5*v = -f + 2591. Is (-6)/4*v/(-21) a composite number?
False
Suppose 3*l + 2*l = -1325. Let x = 482 + l. Suppose 266 = 2*j + 5*r, 0 = 3*j + 2*r + x - 638. Is j prime?
False
Let p = -92 + 94. Is 6*((-1252)/(-8) + p) a composite number?
True
Suppose 2*j - 2045 + 373 = 0. Is 1/(j/(-838) - -1) a prime number?
True
Suppose 3*a = 3*r + 2*r + 1817, 3*r = 5*a - 3055. Suppose 0 = 4*w + 12, -3*h - 2*h = -3*w - a. Is h a composite number?
True
Suppose 30*m = 26*m + 3212. Is m a composite number?
True
Suppose -17*v = -12*v - 9190. Is v prime?
False
Let s be (-6 - 54/(-4))*(-4036)/(-6). Is (-4 - -5)/(2/(-3 + s)) composite?
False
Suppose 112*p - 108*p = 88916. Is p a composite number?
False
Suppose 23 = x - 5*g, 2*g = -6*x + x + 7. Suppose -x*c - 4 = -5*c. Is (4/12)/(c/762) prime?
True
Let s = -44085 + 66698. Is s a composite number?
False
Suppose 0 = 3*f - 8*f + 45. Suppose p - 40 - 4 = 0. Let n = p - f. Is n prime?
False
Suppose 0*c - 32 = -4*c. Let s = c - 5. Is (s + -108)*(-2)/6 prime?
False
Let q(c) = -7 + 5*c**2 - 6 - 2*c**2. Is q(-8) a prime number?
True
Suppose 4*b + 15 = 3. Let v = b - -5. Suppose -w = 4*q - 231, v*w - 84 = -q + 7*w. Is q composite?
False
Let n(m) = -m + 17. Let d be n(17). Suppose 3*w + 31 - 802 = d. Is w a composite number?
False
Let j(r) be the third derivative of r**6/30 + r**5/30 - r**4/24 + 11*r**2. Let q be j(1). Suppose -4*k + 9*k + 1152 = 4*f, 2*f + q*k = 606. Is f a prime number?
True
Let x(i) = 2*i**3 - 3*i**2 - 5*i + 5. Let l be x(-6). Let u = 1331 + l. Let r = u - 333. Is r a composite number?
True
Let p(q) = -q**3 - 6*q**2 - 5*q - 2. Let k be p(-5). Let i = 2 + 1. Is (-746)/((1 + i)/k) composite?
False
Suppose -2*j + 42362 = 4*z, 2*z - 21172 = 3*j - j. Is z prime?
True
Suppose 13*v = 576 + 113. Is v prime?
True
Is 4171 + 1 + 3 + 12/(-3) a composite number?
True
Let x be 2*11012/8 + -3. Suppose 0 = 6*y - x - 4048. Is y prime?
False
Let i be 5/(-2)*12/(-10). Is 2 - (-764 - 1)/i prime?
True
Let d = 4963 + -3230. Is d composite?
False
Let l = 19 + -13. Suppose 12*g - 5874 = l*g. Is g a composite number?
True
Suppose -u + 1657 = -3*c, 0 = 22*u - 26*u - 3*c + 6628. Is u a composite number?
False
Suppose -3*r + 6*r + 6 = 0. Let p be (-1)/((-2)/(r - -100)). Is -2 + 5 - (-1 - p) a composite number?
False
Let o be (0 - -6)/(1/(-1)). Is (3/(-9))/((-1)/o) + 1105 a composite number?
False
Suppose 6*i = 3*i + 12. Is (-44)/55*(-50)/i prime?
False
Suppose 4 = -3*l - 2. Is (0/l)/4 - -59 a prime number?
True
Let w = 36214 - 7959. Is w prime?
False
Let c be 0 + 0 + (0/2 - -4). Let b = -6 + 9. Suppose 0 = -3*z + c*m + 772 + 227, -b*z = 3*m - 1020. Is z a composite number?
False
Let b(g) = 7*g - 6. Let o(m) = 3*m - 3. Let h(k) = 2*b(k) - 5*o(k). Let s be h(3). Let d(i) = -i**2 + i + 155. Is d(s) a prime number?
False
Let d(w) = 43*w + 10. Let k be d(3). Suppose -q + 0*q + k = 0. Is q composite?
False
Let s(v) = 2*v**2 + 6*v + 9. Let l be s(-4). Suppose 0 = 2*i - 5*j - l, -j + 5 = i - 0. Suppose -289 = -w + 3*k - i*k, w + 5*k = 285. Is w a composite number?
True
Let m(h) = 4*h - 1. Let x(p) = 2*p - 1. Let c(o) = 4*m(o) - 9*x(o). Suppose -w - 11 = 4*u, u - 14 = 5*w + 20. Is c(w) a prime number?
True
Let v = 1566 + -493. Is v a prime number?
False
Is ((-5)/(-25))/((-21)/(-5888505)) a composite number?
False
Let j(f) = -2*f + 26. Let i(q) = q + 8. Let r be i(-14). Is j(r) composite?
True
Is (-7)/(-105)*-5*-61707 prime?
False
Suppose -5*p - 15 = -c, 6*p - 19 = -5*c + 3*p. Suppose 3*m = -4*n + 4046, c*m + 3*n + 1732 = 8468. Is m prime?
False
Suppose 0 = -2*k + k - 5. Is 628 + 5 + k + 3 a composite number?
False
Let j(h) = -16*h**3 - 58*h**2 + 13*h + 59. Let p(d) = 11*d**3 + 39*d**2 - 9*d - 39. Let q(k) = -5*j(k) - 8*p(k). Is q(-10) a composite number?
True
Let n(b) = 22*b**2 + 17*b + 62. Let s be n(-6). Let m = s - 393. Is m composite?
False
Suppose -6*l + 2*l = 4*y - 97016, l - 48505 = -2*y. Is y prime?
True
Let d be 8/(-14) - (-4520)/70. Suppose -60*n = -d*n + 6388. Is n a composite number?
False
Let z be (-1)/(-5) + (-168)/(-35). Suppose 2*b + r - 26 = 0, z*b - 6*r + 2*r - 52 = 0. Is (-13 + b)/(2/(-134)) composite?
False
Suppose -6 = -2*o + 10. Suppose -2*s - 78 = -5*v, -2*v + o = -6*v. Let d = 121 + s. Is d prime?
False
Let j(x) = -x + 10. Let p be j(5). Suppose 0*g + p*g = 10, 2*g - 27214 = -5*u. Suppose 5*s - u = -s. Is s composite?
False
Is (0 - -1274) + (15 - 12) a composite number?
False
Is (-17878)/(-16) - (-5 - (-86)/16) a prime number?
True
Let w(g) = -11*g + 25*g + 3 - 39*g. Let p be w(2). Let j = p + 142. Is j a prime number?
False
Let d(s) = -59*s**2 - 4*s. Let y be d(-3). Let z be y/(-12) + (-3)/12. Let i = -9 + z. Is i prime?
False
Suppose -2*f + 8 = 0, -4*w + 6924 = f - 3396. Is w a composite number?
False
Let i(b) = b**3 + 17*b**2 + 27*b - 17. Let u be ((-96)/56)/(1/7). Is i(u) composite?
False
Suppose 5*l + 3647 = 3*g, 1212 = -3*g + 4*g + 2*l. Suppose u + 417 = g. Is u composite?
False
Suppose 2*x + 3*t = 13061, 3*x + 2*t - 5*t = 19584. Is x a composite number?
False
Let q = -4 - -23. Suppose l - q = -4. Suppose l = 3*s, -2*z - z + 100 = -s. Is z composite?
True
Suppose 5*u = -4*n - 8 - 2, u = 3*n + 17. Let v(k) = 1 - 10*k - 12*k - 10*k. Is v(n) a composite number?
True
Let s(o) be the third derivative of -o**4/2 - 17*o**3/6 + 2*o**2. Let a(b) = b**3 + 6*b**2 + 7*b - 2. Let g be a(-5). Is s(g) a prime number?
True
Let j(p) be the first derivative of -p**4/4 + 11*p**3/3 + 11*p + 39. Is j(-7) a composite number?
True
Suppose 16*q - 3*q + 4147 = 0. Let v = 1056 + q. Is v prime?
False
Let f(m) = 291*m + 3. Let h be f(1). Let p = 811 - h. Is p prime?
False
Is (-142793)/(-5) - (-60)/150 a prime number?
True
Is (6/4)/((120/(-68624))/(-5)) composite?
False
Let n(p) = 395*p**2 + 4*p + 3. Let y be n(-2). Suppose 58*g - 14 = 51*g. Suppose 2176 = g*s - 2*q + 604, 5*q + y = 2*s. Is s prime?
False
Let z be 26/4*(12 + -10). Let q = 13 - z. Is (-2)/(q + 2) + 66 a composite number?
True
Let a = 27 + -21. Suppose -a*f = -f + 10600. Is (-2 + 0)*f/16 a prime number?
False
Let y(t) = 13*t**2 + 34*t + 14. Suppose l = -l + 4*g - 2, 5*l + 5*g + 80 = 0. Is y(l) composite?
False
Let m = -13 + -39. Let u be (222/(-4))/((-13)/m). Let y = 709 + u. Is y a prime number?
True
Is 70/7 + -9 + 124*52 a prime number?
True
Let d = 6 - 4. Suppose 20 = d*i + 2*i. Suppose 2*x = i*v - 615, -3*v - 369 = -6*v + 4*x. Is v prime?
False
Let j be (-50415)/(-27) + 4/(-18). Suppose 224 + j = 3*s. Is s a prime number?
False
Suppose 0 = -4*j - 0*j + 88. Suppose -6*v + j = -4*v. Is v prime?
True
Let r = -35 - -35. Suppose -4*i + 240 = 2*z - 2*i, r = -i + 2. Is z composite?
True
Suppose -4*h + 2*d = 5*d - 3059, -3*h = 5*d - 2308. Let b = h + -178. Is b a prime number?
False
Suppose 3*c + 1 - 7 = -2*a, c = -4*a + 12. Suppose -s + 6*s - 105 = c. Is -1 + (-3 - s)*-31 composite?
False
Let a(m) = 236*m**2 + 11*m + 4. Is a(9) a composite number?
False
Let i be (-1 + (2 - (0 + 1)))/2. Suppose i*t - 4755 = -5*s - 5*t, t + 4 = 0. Is s a prime number?
False
Suppose -11*u + 203551 = -378. Is u prime?
True
Suppose 5*f = -2*r + 24, -f + 0*f - 6 = -5*r. Let t(y) = 19*y**2 - 2*y. Let g be t(r). Suppose 2*c = 3*k - 89, -3*k + k - 5*c = -g. Is k a composite number?
False
Suppose 1 = 5*l - 4*q - 0, -2*q = -2. Is (5160/8 - (5 - l))*7 composite?
True
Suppose 5*a - 5*l - 4 = 1, 4*a + l = 4. Let x(p) = -2*p. Let d be x(a). Let o(i) = -28*i - 1. Is o(d) composite?
True
Let w = -8439 - -11852. Is w composite?
False
Let g = 104 + 569. Is g prime?
True
Let i(b) = 5*b**2 + 29*b - 49. Is i(-16) a composite number?
True
Let n = -917 - -6586. Is n prime?
True
Let d(a) = -a + 7. Let h be d(-6). Let i = h + -11. Is i/(-7) - (-447)/21 a prime number?
False
Let i(w) = 3*w**2 - 5. Let s be i(-6). Suppose -2*m + 723 = -s. Is m prime?
False
Let y be 1/(0 + -1)*-47. Suppose -45*t - 2726 = -y*t. Is t prime?
False
Let g = -15668 + 23815. Is g prime?
True
Suppose 0 = -2*f + 6934 + 10046. Let k = -5389 + f. Is k composite?
True
Let j(k) = -64*k**3 + 10*k**2 + 19*k + 6. Is j(-5) a prime number?
True
Let x(w) = -2*w - 5. Let a be x(-4). Suppose a*z - z